{"id":65,"date":"2016-04-18T14:00:57","date_gmt":"2016-04-18T13:00:57","guid":{"rendered":"http:\/\/afan.fr\/blog\/?page_id=65"},"modified":"2026-04-18T15:23:26","modified_gmt":"2026-04-18T14:23:26","slug":"expositions","status":"publish","type":"page","link":"https:\/\/afan.fr\/blog\/index.php\/expositions\/","title":{"rendered":"Expositions"},"content":{"rendered":"\n<p class=\"has-luminous-vivid-orange-color has-text-color\"><strong>Prochaines expositions :<\/strong><\/p>\n\n\n\n<p class=\"has-vivid-cyan-blue-color has-text-color\"><strong>ALCABIDECHE<\/strong> (Portugal) EXPOTRENS &#8211; 18 et 19 avril (pr\u00e8s de <br> Lisbonne) organis\u00e9e par le Clube N &#8211; Modelismo <br> Ferrovi\u00e1rio.<br>E. Didier repr\u00e9sentera l&#8217;AFAN avec son r\u00e9seau Vald\u00e9crins et un <br> module T-TRAK (Les Marias salants) ins\u00e9r\u00e9 dans l&#8217;ensemble de modules <br> T-TRAK du Clube N &#8211; Modelismo Ferrovi\u00e1rio.<\/p>\n\n\n\n<p class=\"has-luminous-vivid-orange-color has-text-color\"><strong>Manifestations \u00e0 venir<\/strong><\/p>\n\n\n\n<p class=\"has-vivid-cyan-blue-color has-text-color has-link-color wp-elements-77049882d0b039d2c828c60cd0aaf5a4\"><strong>CHATELLERAULT <\/strong>(86 ) &#8211; 23 et 24 mai<br>L&#8217;AFAN sera repr\u00e9sent\u00e9e par JM. Laladie<\/p>\n\n\n\n<p class=\"has-vivid-cyan-blue-color has-text-color\"><strong>LES HERBIERS<\/strong> (85) &#8211; F\u00e9d\u00e9Rail &#8211; 28 et 29 juin<br>L&#8217;AFAN sera repr\u00e9sent\u00e9e par A. Chenut, H&amp;C. Fraval, JM. Lalardie et JY. Page.<\/p>\n\n\n\n<p class=\"has-vivid-cyan-blue-color has-text-color\"><strong>JOUE LES TOURS<\/strong> (37) &#8211; 24 et 25 octobre<br>L&#8217;AFAN sera repr\u00e9sent\u00e9e par JM. Lalardie. <\/p>\n\n\n\n<p class=\"has-vivid-cyan-blue-color has-text-color\"><strong>BUSSIERE-GALANT<\/strong> (87) &#8211; 13 et 14 novembre<br>L&#8217;AFAN sera repr\u00e9sent\u00e9e par JM. Lalardie. <\/p>\n","protected":false},"excerpt":{"rendered":"<p>Prochaines expositions : ALCABIDECHE (Portugal) EXPOTRENS &#8211; 18 et 19 avril (pr\u00e8s de Lisbonne) organis\u00e9e par le Clube N &#8211; Modelismo Ferrovi\u00e1rio.E. Didier repr\u00e9sentera l&#8217;AFAN avec son r\u00e9seau Vald\u00e9crins et un module T-TRAK (Les Marias salants) ins\u00e9r\u00e9 dans l&#8217;ensemble de modules T-TRAK du Clube N &#8211; Modelismo Ferrovi\u00e1rio. Manifestations \u00e0 venir CHATELLERAULT (86 ) &#8211; [&hellip;]<\/p>\n","protected":false},"author":1,"featured_media":0,"parent":0,"menu_order":2,"comment_status":"closed","ping_status":"closed","template":"","meta":{"_s2mail":"yes","footnotes":""},"class_list":["post-65","page","type-page","status-publish","hentry"],"_links":{"self":[{"href":"https:\/\/afan.fr\/blog\/index.php\/wp-json\/wp\/v2\/pages\/65","targetHints":{"allow":["GET"]}}],"collection":[{"href":"https:\/\/afan.fr\/blog\/index.php\/wp-json\/wp\/v2\/pages"}],"about":[{"href":"https:\/\/afan.fr\/blog\/index.php\/wp-json\/wp\/v2\/types\/page"}],"author":[{"embeddable":true,"href":"https:\/\/afan.fr\/blog\/index.php\/wp-json\/wp\/v2\/users\/1"}],"replies":[{"embeddable":true,"href":"https:\/\/afan.fr\/blog\/index.php\/wp-json\/wp\/v2\/comments?post=65"}],"version-history":[{"count":345,"href":"https:\/\/afan.fr\/blog\/index.php\/wp-json\/wp\/v2\/pages\/65\/revisions"}],"predecessor-version":[{"id":5665,"href":"https:\/\/afan.fr\/blog\/index.php\/wp-json\/wp\/v2\/pages\/65\/revisions\/5665"}],"wp:attachment":[{"href":"https:\/\/afan.fr\/blog\/index.php\/wp-json\/wp\/v2\/media?parent=65"}],"curies":[{"name":"wp","href":"https:\/\/api.w.org\/{rel}","templated":true}]}}