{"id":638,"date":"2017-02-26T08:44:00","date_gmt":"2017-02-26T07:44:00","guid":{"rendered":"http:\/\/afan.fr\/blog\/?page_id=638"},"modified":"2023-01-23T14:02:18","modified_gmt":"2023-01-23T13:02:18","slug":"concours-st-mande-2018","status":"publish","type":"page","link":"https:\/\/afan.fr\/blog\/index.php\/concours-st-mande-2018\/","title":{"rendered":"Concours  2018"},"content":{"rendered":"<p><span style=\"color: #000080;\">Nous avions, avec le SMCF, organis\u00e9 un concours bas\u00e9 sur le module &#8220;SceNic&#8221; se d\u00e9roulant pendant l&#8217;exposition de St Mand\u00e9 de janvier 2018. Il s&#8217;agit d&#8217;une manifestation destin\u00e9e \u00e0 f\u00eater les 40 ans de l&#8217;AFAN.<\/span><\/p>\n<p><span style=\"color: #000080;\">Voici les 8 modules du concours, pr\u00e9sent\u00e9s selon la position d&#8217;installation \u00e0 St Mand\u00e9, puis le tableau du palmar\u00e8s.<\/span><\/p>\n<p><strong><span style=\"color: #000080;\">Vadelaincourt<\/span><\/strong><\/p>\n<p><span style=\"color: #000080;\"><img loading=\"lazy\" decoding=\"async\" class=\"aligncenter wp-image-1165 size-full\" src=\"http:\/\/afan.fr\/blog\/wp-content\/uploads\/2017\/02\/A.jpg\" alt=\"\" width=\"1100\" height=\"388\" srcset=\"https:\/\/afan.fr\/blog\/wp-content\/uploads\/2017\/02\/A.jpg 1100w, https:\/\/afan.fr\/blog\/wp-content\/uploads\/2017\/02\/A-300x106.jpg 300w, https:\/\/afan.fr\/blog\/wp-content\/uploads\/2017\/02\/A-768x271.jpg 768w, https:\/\/afan.fr\/blog\/wp-content\/uploads\/2017\/02\/A-1024x361.jpg 1024w\" sizes=\"auto, (max-width: 1100px) 100vw, 1100px\" \/><\/span><\/p>\n<p><span style=\"color: #000080;\"><strong>Bassin des Docks<\/strong><\/span><\/p>\n<p><span style=\"color: #000080;\"><img loading=\"lazy\" decoding=\"async\" class=\"aligncenter wp-image-1166 size-full\" src=\"http:\/\/afan.fr\/blog\/wp-content\/uploads\/2017\/02\/B.jpg\" alt=\"\" width=\"1200\" height=\"272\" srcset=\"https:\/\/afan.fr\/blog\/wp-content\/uploads\/2017\/02\/B.jpg 1200w, https:\/\/afan.fr\/blog\/wp-content\/uploads\/2017\/02\/B-300x68.jpg 300w, https:\/\/afan.fr\/blog\/wp-content\/uploads\/2017\/02\/B-768x174.jpg 768w, https:\/\/afan.fr\/blog\/wp-content\/uploads\/2017\/02\/B-1024x232.jpg 1024w\" sizes=\"auto, (max-width: 1200px) 100vw, 1200px\" \/><\/span><\/p>\n<p><strong><span style=\"color: #000080;\">La paroi rocheuse<\/span><\/strong><\/p>\n<p><span style=\"color: #000080;\"><img loading=\"lazy\" decoding=\"async\" class=\"aligncenter wp-image-1167 size-full\" src=\"http:\/\/afan.fr\/blog\/wp-content\/uploads\/2017\/02\/C.jpg\" alt=\"\" width=\"1000\" height=\"352\" srcset=\"https:\/\/afan.fr\/blog\/wp-content\/uploads\/2017\/02\/C.jpg 1000w, https:\/\/afan.fr\/blog\/wp-content\/uploads\/2017\/02\/C-300x106.jpg 300w, https:\/\/afan.fr\/blog\/wp-content\/uploads\/2017\/02\/C-768x270.jpg 768w\" sizes=\"auto, (max-width: 1000px) 100vw, 1000px\" \/><\/span><\/p>\n<p><strong><span style=\"color: #000080;\">Le passage des Roches<\/span><\/strong><\/p>\n<p><span style=\"color: #000080;\"><img loading=\"lazy\" decoding=\"async\" class=\"aligncenter wp-image-1168 size-full\" src=\"http:\/\/afan.fr\/blog\/wp-content\/uploads\/2017\/02\/D.jpg\" alt=\"\" width=\"1200\" height=\"311\" srcset=\"https:\/\/afan.fr\/blog\/wp-content\/uploads\/2017\/02\/D.jpg 1200w, https:\/\/afan.fr\/blog\/wp-content\/uploads\/2017\/02\/D-300x78.jpg 300w, https:\/\/afan.fr\/blog\/wp-content\/uploads\/2017\/02\/D-768x199.jpg 768w, https:\/\/afan.fr\/blog\/wp-content\/uploads\/2017\/02\/D-1024x265.jpg 1024w\" sizes=\"auto, (max-width: 1200px) 100vw, 1200px\" \/><\/span><\/p>\n<p><strong><span style=\"color: #000080;\">Au p&#8217;tit coin<\/span><\/strong><\/p>\n<p><span style=\"color: #000080;\"><img loading=\"lazy\" decoding=\"async\" class=\"aligncenter wp-image-1169 size-full\" src=\"http:\/\/afan.fr\/blog\/wp-content\/uploads\/2017\/02\/E.jpg\" alt=\"\" width=\"1200\" height=\"327\" srcset=\"https:\/\/afan.fr\/blog\/wp-content\/uploads\/2017\/02\/E.jpg 1200w, https:\/\/afan.fr\/blog\/wp-content\/uploads\/2017\/02\/E-300x82.jpg 300w, https:\/\/afan.fr\/blog\/wp-content\/uploads\/2017\/02\/E-768x209.jpg 768w, https:\/\/afan.fr\/blog\/wp-content\/uploads\/2017\/02\/E-1024x279.jpg 1024w\" sizes=\"auto, (max-width: 1200px) 100vw, 1200px\" \/><\/span><\/p>\n<p><strong><span style=\"color: #000080;\">On dirait le sud<\/span><\/strong><\/p>\n<p><span style=\"color: #000080;\"><img loading=\"lazy\" decoding=\"async\" class=\"aligncenter wp-image-1170 size-full\" src=\"http:\/\/afan.fr\/blog\/wp-content\/uploads\/2017\/02\/F.jpg\" alt=\"\" width=\"1200\" height=\"465\" srcset=\"https:\/\/afan.fr\/blog\/wp-content\/uploads\/2017\/02\/F.jpg 1200w, https:\/\/afan.fr\/blog\/wp-content\/uploads\/2017\/02\/F-300x116.jpg 300w, https:\/\/afan.fr\/blog\/wp-content\/uploads\/2017\/02\/F-768x298.jpg 768w, https:\/\/afan.fr\/blog\/wp-content\/uploads\/2017\/02\/F-1024x397.jpg 1024w\" sizes=\"auto, (max-width: 1200px) 100vw, 1200px\" \/><\/span><\/p>\n<p><strong><span style=\"color: #000080;\">Le clos du Roy<\/span><\/strong><\/p>\n<p><span style=\"color: #000080;\"><img loading=\"lazy\" decoding=\"async\" class=\"aligncenter wp-image-1171 size-full\" src=\"http:\/\/afan.fr\/blog\/wp-content\/uploads\/2017\/02\/G.jpg\" alt=\"\" width=\"1200\" height=\"442\" srcset=\"https:\/\/afan.fr\/blog\/wp-content\/uploads\/2017\/02\/G.jpg 1200w, https:\/\/afan.fr\/blog\/wp-content\/uploads\/2017\/02\/G-300x111.jpg 300w, https:\/\/afan.fr\/blog\/wp-content\/uploads\/2017\/02\/G-768x283.jpg 768w, https:\/\/afan.fr\/blog\/wp-content\/uploads\/2017\/02\/G-1024x377.jpg 1024w\" sizes=\"auto, (max-width: 1200px) 100vw, 1200px\" \/><\/span><\/p>\n<p><strong><span style=\"color: #000080;\">L&#8217;embranchement p\u00e9trolier<\/span><\/strong><\/p>\n<p><img loading=\"lazy\" decoding=\"async\" class=\"aligncenter wp-image-1172 size-full\" src=\"http:\/\/afan.fr\/blog\/wp-content\/uploads\/2017\/02\/H.jpg\" alt=\"\" width=\"1200\" height=\"292\" srcset=\"https:\/\/afan.fr\/blog\/wp-content\/uploads\/2017\/02\/H.jpg 1200w, https:\/\/afan.fr\/blog\/wp-content\/uploads\/2017\/02\/H-300x73.jpg 300w, https:\/\/afan.fr\/blog\/wp-content\/uploads\/2017\/02\/H-768x187.jpg 768w, https:\/\/afan.fr\/blog\/wp-content\/uploads\/2017\/02\/H-1024x249.jpg 1024w\" sizes=\"auto, (max-width: 1200px) 100vw, 1200px\" \/><\/p>\n<p><strong><span style=\"color: #000080;\">Le palmar\u00e8s est le suivant :<\/span><\/strong><\/p>\n<p><em><span style=\"color: #ff00ff;\"><img loading=\"lazy\" decoding=\"async\" class=\"aligncenter wp-image-1175 size-full\" src=\"http:\/\/afan.fr\/blog\/wp-content\/uploads\/2017\/02\/Palmar\u00e8s.jpg\" alt=\"\" width=\"914\" height=\"509\" srcset=\"https:\/\/afan.fr\/blog\/wp-content\/uploads\/2017\/02\/Palmar\u00e8s.jpg 914w, https:\/\/afan.fr\/blog\/wp-content\/uploads\/2017\/02\/Palmar\u00e8s-300x167.jpg 300w, https:\/\/afan.fr\/blog\/wp-content\/uploads\/2017\/02\/Palmar\u00e8s-768x428.jpg 768w\" sizes=\"auto, (max-width: 914px) 100vw, 914px\" \/><\/span><\/em><\/p>\n<p><em><span style=\"color: #ff00ff;\">Un grand merci et toutes nos f\u00e9licitations aux participants de ce concours, de belles r\u00e9alisations, une chaleureuse ambiance, tout ce qu&#8217;il faut pour donner envie aux visiteurs de se lancer dans la fabrication de tels modules.<\/span><\/em><\/p>\n","protected":false},"excerpt":{"rendered":"<p>Nous avions, avec le SMCF, organis\u00e9 un concours bas\u00e9 sur le module &#8220;SceNic&#8221; se d\u00e9roulant pendant l&#8217;exposition de St Mand\u00e9 de janvier 2018. Il s&#8217;agit d&#8217;une manifestation destin\u00e9e \u00e0 f\u00eater les 40 ans de l&#8217;AFAN. Voici les 8 modules du concours, pr\u00e9sent\u00e9s selon la position d&#8217;installation \u00e0 St Mand\u00e9, puis le tableau du palmar\u00e8s. Vadelaincourt [&hellip;]<\/p>\n","protected":false},"author":1,"featured_media":0,"parent":0,"menu_order":7,"comment_status":"closed","ping_status":"closed","template":"","meta":{"_s2mail":"yes","footnotes":""},"class_list":["post-638","page","type-page","status-publish","hentry"],"_links":{"self":[{"href":"https:\/\/afan.fr\/blog\/index.php\/wp-json\/wp\/v2\/pages\/638","targetHints":{"allow":["GET"]}}],"collection":[{"href":"https:\/\/afan.fr\/blog\/index.php\/wp-json\/wp\/v2\/pages"}],"about":[{"href":"https:\/\/afan.fr\/blog\/index.php\/wp-json\/wp\/v2\/types\/page"}],"author":[{"embeddable":true,"href":"https:\/\/afan.fr\/blog\/index.php\/wp-json\/wp\/v2\/users\/1"}],"replies":[{"embeddable":true,"href":"https:\/\/afan.fr\/blog\/index.php\/wp-json\/wp\/v2\/comments?post=638"}],"version-history":[{"count":8,"href":"https:\/\/afan.fr\/blog\/index.php\/wp-json\/wp\/v2\/pages\/638\/revisions"}],"predecessor-version":[{"id":4054,"href":"https:\/\/afan.fr\/blog\/index.php\/wp-json\/wp\/v2\/pages\/638\/revisions\/4054"}],"wp:attachment":[{"href":"https:\/\/afan.fr\/blog\/index.php\/wp-json\/wp\/v2\/media?parent=638"}],"curies":[{"name":"wp","href":"https:\/\/api.w.org\/{rel}","templated":true}]}}